37428.
86
Calculate the highest common divisor of 354 and 14976678.
354
What is the highest common divisor of 831246 and 78?
78
Calculate the highest common factor of 7896 and 4368.
168
Calculate the greatest common factor of 3156 and 84.
12
What is the highest common divisor of 1164 and 1596?
12
What is the greatest common divisor of 104148 and 264?
132
What is the greatest common divisor of 133 and 441574?
7
Calculate the highest common factor of 4250 and 6500.
250
Calculate the greatest common divisor of 60704 and 1344.
224
What is the highest common divisor of 90 and 3110?
10
What is the highest common factor of 666 and 2738?
74
Calculate the greatest common factor of 272 and 289748.
68
Calculate the greatest common factor of 1980 and 40305.
15
What is the highest common factor of 105 and 42?
21
What is the highest common divisor of 4 and 3781?
1
What is the greatest common divisor of 957 and 9075?
33
Calculate the highest common factor of 7185024 and 352.
352
What is the greatest common factor of 680905 and 6235?
215
Calculate the greatest common divisor of 195 and 4329.
39
What is the greatest common factor of 88 and 528638?
22
What is the highest common factor of 296 and 180893?
37
Calculate the highest common factor of 145 and 58406.
29
Calculate the highest common divisor of 851 and 21344.
23
What is the greatest common factor of 314565 and 67?
67
What is the greatest common divisor of 17825 and 175950?
575
What is the highest common divisor of 890 and 12370?
10
What is the greatest common divisor of 2128 and 229026?
266
Calculate the highest common factor of 755247 and 87.
87
Calculate the greatest common divisor of 697167 and 243.
243
Calculate the greatest common divisor of 91919 and 17.
17
Calculate the highest common divisor of 1595 and 36250.
145
Calculate the highest common divisor of 208 and 26.
26
What is the greatest common factor of 136394 and 940?
94
What is the greatest common factor of 1303698 and 66?
66
Calculate the highest common divisor of 179891 and 59.
59
What is the greatest common factor of 27324 and 5082?
66
Calculate the greatest common factor of 3750 and 44250.
750
Calculate the highest common factor of 1088 and 592.
16
Calculate the highest common divisor of 15 and 2594535.
15
What is the greatest common divisor of 2254 and 270526?
46
Calculate the greatest common divisor of 30229 and 185.
37
What is the greatest common divisor of 79 and 278870?
79
Calculate the greatest common factor of 945 and 73493.
7
What is the highest common factor of 279 and 1510599?
93
Calculate the greatest common factor of 34900 and 250.
50
Calculate the highest common divisor of 8 and 320668.
4
What is the highest common divisor of 115250 and 250?
250
Calculate the highest common divisor of 57 and 267102.
57
What is the highest common divisor of 1885 and 7685?
145
Calculate the greatest common divisor of 1 and 158371.
1
Calculate the greatest common divisor of 1014990 and 150.
30
What is the highest common factor of 3051042 and 138?
138
Calculate the highest common divisor of 1320 and 160800.
120
What is the highest common factor of 552376 and 176?
88
What is the greatest common factor of 8 and 1754672?
8
What is the highest common factor of 637 and 28399?
7
Calculate the highest common divisor of 14842 and 1991.
181
What is the highest common divisor of 139 and 47677?
139
Calculate the greatest common factor of 1104 and 2048.
16
Calculate the highest common divisor of 4910 and 5.
5
What is the highest common factor of 1408375 and 19?
19
What is the greatest common divisor of 672 and 1902?
6
What is the highest common factor of 3861 and 1620?
27
Calculate the highest common factor of 4331520 and 180.
180
Calculate the greatest common factor of 516 and 187652.
172
Calculate the greatest common factor of 56 and 397558.
14
Calculate the greatest common divisor of 391495 and 95.
95
What is the highest common divisor of 32244 and 48?
12
Calculate the highest common divisor of 676 and 570037.
169
Calculate the greatest common divisor of 22 and 1151623.
11
Calculate the highest common factor of 4 and 119172.
4
Calculate the highest common factor of 9072 and 4704.
336
Calculate the greatest common factor of 1150 and 425.
25
Calculate the highest common factor of 50508 and 92.
92
What is the highest common divisor of 2352 and 816?
48
What is the highest common divisor of 345 and 22695?
15
What is the highest common factor of 51480 and 1960?
40
What is the greatest common factor of 11594 and 44?
22
Calculate the greatest common factor of 26 and 556049.
13
Calculate the highest common factor of 8508 and 240.
12
What is the greatest common factor of 122 and 38125?
61
What is the greatest common divisor of 51 and 9132893?
17
Calculate the highest common factor of 9232 and 15248.
16
What is the greatest common divisor of 43384 and 17578?
374
Calculate the greatest common divisor of 170 and 8530.
10
What is the greatest common factor of 18009 and 2043?
9
What is the greatest common factor of 7912 and 8?
8
What is the greatest common factor of 725 and 1943?
29
What is the greatest common factor of 41 and 31693?
41
What is the greatest common divisor of 367 and 440767?
367
Calculate the greatest common divisor of 10908 and 10260.
108
What is the highest common divisor of 2082 and 78?
6
Calculate the highest common divisor of 208547 and 347.
347
What is the greatest common divisor of 2 and 2854?
2
Calculate the highest common divisor of 648 and 214056.
216
What is the greatest common divisor of 1224 and 48552?
408
Calculate the greatest common divisor of 3971 and 42009.
209
Calculate the greatest common factor of 7312 and 11425.
457
Calculate the greatest common divisor of 4928 and 507808.
224
What is the highest common factor of 754897 and 715?
143
Calculate the greatest common factor of 19667 and 568.
71
Calculate the greatest common factor of 2941 and 20414.
173
Calculate the highest common factor of 1798 and 2668.
58
What is the greatest common divisor of 47838 and 147?
21
What is the highest common factor of 17634 and 15?
3
What is the greatest common factor of 665 and 698915?
665
Calculate the greatest common factor of 268 and 548328.
268
Calculate the highest common factor of 66410 and 20.
10
Calculate the greatest common factor of 805 and 11830.
35
Calculate the greatest common factor of 2108 and 64821.
527
What is the greatest common factor of 5324 and 29216?
44
Calculate the greatest common divisor of 713 and 775.
31
Calculate the greatest common factor of 823159 and 4492.
1123
What is the highest common factor of 117585 and 14040?
1755
Calculate the highest common divisor of 45 and 3590.
5
What is the greatest common factor of 11528 and 6952?
88
Calculate the greatest common factor of 40348 and 32.
4
Calculate the greatest common divisor of 225 and 7965.
45
What is the greatest common factor of 1165872 and 3?
3
What is the highest common divisor of 226900 and 100?
100
What is the greatest common divisor of 61 and 12139?
61
Calculate the highest common divisor of 38430 and 171.
9
Calculate the greatest common divisor of 117767 and 39.
13
What is the greatest common divisor of 45357 and 78?
39
What is the greatest common divisor of 3540 and 255660?
60
What is the highest common factor of 18522 and 18711?
189
Calculate the highest common factor of 163009 and 385.
77
Calculate the greatest common divisor of 65780 and 3740.
220
What is the greatest common divisor of 8866 and 421941?
403
Calculate the greatest common divisor of 704 and 12.
4
Calculate the greatest common factor of 850686 and 174.
174
What is the greatest common factor of 37 and 263?
1
Calculate the greatest common factor of 17805 and 3765.
15
What is the greatest common factor of 249 and 25813?
83
Calculate the greatest common divisor of 511 and 175273.
511
Calculate the greatest common factor of 8833 and 27302.
803
What is the highest common divisor of 38718 and 6931?
239
What is the highest common factor of 6856395 and 910?
455
What is the highest common divisor of 119108 and 1188?
44
Calculate the greatest common divisor of 655789 and 157.
157
What is the greatest common divisor of 57 and 45277?
19
What is the highest common factor of 2315856 and 80?
16
What is the grea